, u - 5*s + 2702 = -3*u. Let l = -468 - u. Let d = 331 - l. Calculate the greatest common divisor of 11 and d.
11
Let x = 29 - 18. Suppose z + 4 = x. Calculate the highest common divisor of z and 1.
1
Suppose -3*a - 2*a - 15 = 0. Let h be a*4/(-6) - -20. Suppose -h - 5 = -3*n. Calculate the highest common divisor of 81 and n.
9
Suppose -5*k + 2*b = -145, 0*b - 155 = -5*k + 4*b. What is the highest common divisor of k and 9?
9
Suppose 10*r - 60 = 6*r. What is the greatest common factor of r and 105?
15
Suppose 255 = 3*d - 0*d. Suppose 2*x - 7 - 19 = -2*m, -5*x = -3*m + 71. What is the greatest common divisor of m and d?
17
Let n(l) = l. Let r be n(5). What is the greatest common factor of r and 55?
5
Let r be (1 - 8 - -1)*1. Let p be 2*(1 - (-3)/r). Let c be (-27 - 0)/(p/(-2)). Calculate the greatest common factor of c and 18.
18
Suppose 28 - 8 = 4*k. What is the highest common divisor of k and 45?
5
Suppose 5*h - 17 = -c, -4 + 1 = -c + 2*h. Calculate the highest common factor of c and 21.
7
Suppose 0*i - 5*i = -l + 48, 0 = -4*i + 2*l - 36. Let v = i - -16. What is the highest common divisor of v and 3?
3
Let b = 11 - 21. Let c(g) = g**3 + 12*g**2 + 12*g - 10. Let i be c(b). Calculate the greatest common divisor of 28 and i.
14
Let b be 11/(-1)*(0 + -2). Let j = 93 - b. Let n = j + -38. Calculate the greatest common factor of n and 22.
11
Let i(m) = m**2 - 6*m - 2. Let s be i(7). Suppose n - 44 = -t + 6*n, 3*n - 276 = -s*t. Calculate the greatest common divisor of 18 and t.
18
Suppose -122 = -2*p + 12. Suppose 3*v - p = 5*j, -v + 0*j - 2*j + 26 = 0. What is the highest common factor of v and 6?
6
Let n = 73 - 72. What is the highest common divisor of n and 11?
1
Suppose -4*d - d = -3*o - 1613, 4 = -4*o. Calculate the greatest common factor of 14 and d.
14
Let a be (0 - 0) + -2 + -1. Let s be (-2)/(2/a*1). Let q be 3*s + 2 + -2. Calculate the highest common factor of 6 and q.
3
Let c = -150 + 222. Calculate the highest common divisor of c and 4.
4
Let l be 92/(-3) - (-3)/(-9). Let a = l - -43. Let y(x) = -19*x + 3. Let q be y(-3). What is the greatest common factor of q and a?
12
Let h(b) = b + 7. Let i(z) = -z. Let l(j) = h(j) + 2*i(j). Let d be (1 + -1)*1/2. Let q be l(d). Calculate the greatest common divisor of 7 and q.
7
Suppose 0 = 3*w - 314 + 17. What is the greatest common factor of 9 and w?
9
Let q = -2 + 4. Suppose 0*a + 22 = q*a. Let n = 25 - 14. Calculate the greatest common divisor of a and n.
11
Suppose -2*o = 2*o - 8. Let q = 8 - 5. Suppose 3 = o*h - p, -5*p + 9 = -q*h + h. Calculate the greatest common factor of h and 9.
3
Suppose -2*c + 36 + 26 = 0. Suppose 3*h - c = -7. Let o be 0 - (-112)/(-2 + 4). What is the greatest common factor of o and h?
8
Suppose o - 21 = -2*o. What is the greatest common factor of 7 and o?
7
Suppose 2*r + 216 = 3*r. Let y = 16 + 11. Calculate the highest common divisor of y and r.
27
Let m(h) = 2*h**2 - h + 1. Let y be m(1). Suppose -y*k + 13 = -3. What is the highest common factor of 4 and k?
4
Suppose 0*l + 210 = 5*l. Let j(s) = -s**3 + 5*s**2 + 7*s - 6. Let v be j(4). Suppose 3*i - 46 = v. What is the greatest common divisor of i and l?
14
Suppose -2*l = -5*z + 2*z - 117, -5*z + 223 = 4*l. What is the greatest common divisor of l and 38?
19
Let h(f) = -f**2 + 7*f - 1. Let i = 9 - 3. Let j be h(i). Calculate the highest common divisor of 55 and j.
5
Suppose -3*g - l + 52 = -0*g, 0 = 2*g + 2*l - 28. Let p(n) = -3*n - 50. Let y be p(-23). Calculate the highest common factor of y and g.
19
Suppose 8 = b - g, 3*b = b - 3*g - 9. Suppose b*u + 75 + 442 = 4*j, 5*j = 3*u + 650. What is the greatest common factor of 19 and j?
19
Let b be (-225)/((-2 - (0 - 1))/1). What is the highest common divisor of b and 25?
25
Let r be 377 - 9/6*2. Calculate the greatest common factor of r and 34.
34
Suppose -13 + 193 = 2*b. Let y = b - 9. Calculate the greatest common divisor of y and 54.
27
Let m = 44 - 28. Calculate the greatest common divisor of 32 and m.
16
Let v = 219 - -91. Let q be (1/2)/(5/v). Suppose -5*g + q = -9. Calculate the highest common factor of g and 8.
8
Let v = -12 + 28. Calculate the greatest common factor of 40 and v.
8
Suppose -5*q + 2*b + 288 = 0, -3*q + b + 89 + 83 = 0. What is the highest common divisor of 28 and q?
28
Let g be (-2)/((-29)/9 - -3). What is the greatest common factor of 27 and g?
9
Let u = -22 + 154. Suppose -1 + 16 = 3*c, 5*c - 485 = -5*t. Let w = u - t. Calculate the highest common divisor of 10 and w.
10
Let j be (44/(-8) - -2)*-2. What is the greatest common factor of j and 21?
7
Suppose 1 + 7 = -2*y, 28 = 4*z - 3*y. What is the highest common factor of 10 and z?
2
Suppose q = -2*g - 18 - 5, 28 = -4*g + 4*q. Let k = g + 19. Calculate the greatest common factor of k and 81.
9
Let r(b) = 4*b**2 + b. Let k be r(-1). Suppose 30 + 15 = k*o. Let u be -1 - o/6*-4. Calculate the highest common factor of u and 63.
9
Suppose -4*b - 106 = -3*b. Let l = -71 - b. Suppose 115 = 3*k + 100. What is the highest common factor of l and k?
5
Suppose -3*o + 1 = 2*l, -o = l - 3*l - 11. Suppose -a = -x - 6, -a - o*x = -0*x + 10. Suppose 4*q - 51 - 5 = 0. What is the greatest common divisor of q and a?
2
Let w = 33 - 18. What is the greatest common divisor of w and 165?
15
Let g = 91 + 13. Calculate the greatest common factor of 13 and g.
13
Let s be 518/8 - (-1)/4. Let g(q) = -53*q - 1. Let c be g(-1). Suppose -2*w - c = -6*w. Calculate the highest common factor of s and w.
13
Suppose -5*f - 2*w = -181, 0 = -2*f + 5*w - 2*w + 61. Let d(l) = l**3 - 2*l**2 + l + 2. Let c be d(3). What is the greatest common divisor of f and c?
7
Let n(k) = -k**3 - 4*k**2 - 8*k + 3. Let g be n(-6). Suppose 14 - g = -2*s + d, -41 = -s + 5*d. What is the highest common factor of 8 and s?
8
Let u(a) = a + 32. Let q(d) = -d**2 + 8*d - 7. Let w be q(7). Let p be u(w). Suppose -b = b - p. Calculate the greatest common divisor of b and 4.
4
Suppose -2*m = 3*m. Suppose 0 = 5*u - 0*u - 5*l - 25, 5*u - 4*l - 25 = m. Calculate the highest common factor of 5 and u.
5
Let q be 58/8 - (-21)/28. Suppose q = 5*p - 2. What is the highest common divisor of p and 2?
2
Suppose 0*c + 16 = 2*n + c, 3*n - 21 = -3*c. Calculate the highest common factor of 9 and n.
9
Let p(t) = t**3 + 9*t**2 + 5*t - 13. Let l be p(-8). Calculate the greatest common factor of l and 22.
11
Let c(x) = -21*x + 6. Suppose -2*h = 3*h - 5. Let j be h/4 - 29/4. Let w be c(j). Calculate the greatest common factor of w and 17.
17
Suppose 0*x = -4*p + 2*x + 300, 5*p + x - 375 = 0. Calculate the greatest common factor of 25 and p.
25
Let t = 20 - 7. Calculate the highest common divisor of 117 and t.
13
Let t = 65 - 57. What is the highest common divisor of 64 and t?
8
Suppose -2*f - 83 - 137 = 0. Let v = -64 - f. What is the greatest common factor of v and 23?
23
Let h be (14/(-21))/(2/(-6)). Let x = h - -5. Calculate the highest common divisor of 14 and x.
7
Suppose b + 0*b = 1. Suppose -5*s - 3 = -23. Suppose -s*h - 44 = -g - 2*g, 5*h + 33 = g. Calculate the greatest common factor of b and g.
1
Suppose -13 = 3*i - 43. Let n be (2 + 0)*(-1 - -69). Suppose -2*x + 144 = 4*y, 3*y + y + n = 2*x. What is the highest common factor of i and x?
10
Let b(i) = i**2 - 3*i - 1. Let j = -7 + 13. Let y be b(j). Calculate the greatest common divisor of y and 153.
17
Suppose 24 = 8*w - 152. Calculate the greatest common divisor of 88 and w.
22
Let z(j) = 4*j - 18. Let x be z(7). Calculate the highest common factor of 60 and x.
10
Let j = 10 - -5. Suppose -89*u - 240 = -93*u. Calculate the greatest common factor of u and j.
15
Let i(b) = 9*b**3 - 8. Let w be i(6). Let v be w/12 - (-2)/3. What is the greatest common factor of 18 and v?
18
Suppose -46 = -5*q + 4. What is the highest common divisor of q and 70?
10
Let d(k) = 5*k**3 - 2*k**2 + 6*k - 4. Let i be d(2). Calculate the greatest common divisor of i and 32.
8
Let k be -2*(-2)/2 - -1. Suppose -20 = 2*f + k*f. Let g(q) = -q**2 - 5*q - 2. Let s be g(f). What is the greatest common divisor of 2 and s?
2
Let x(i) = -7*i - 4. Let k be x(-2). What is the highest common divisor of k and 70?
10
Let n(t) = -t**2 - 9*t + 6. Let j be n(-6). Let i = -9 + j. What is the highest common factor of 3 and i?
3
Let i(n) = -n**3 - 2*n**2 - 2*n -